{"id":900,"date":"2025-10-10T09:38:45","date_gmt":"2025-10-10T09:38:45","guid":{"rendered":"https:\/\/www.iaenice.com\/m1com13\/?page_id=900"},"modified":"2025-10-13T10:44:18","modified_gmt":"2025-10-13T10:44:18","slug":"mentions-legales","status":"publish","type":"page","link":"https:\/\/www.iaenice.com\/m1com13\/mentions-legales\/","title":{"rendered":"Mentions l\u00e9gales"},"content":{"rendered":"\t\t<div data-elementor-type=\"wp-page\" data-elementor-id=\"900\" class=\"elementor elementor-900\">\n\t\t\t\t<div class=\"elementor-element elementor-element-eb6cbb6 e-flex e-con-boxed e-con e-parent\" data-id=\"eb6cbb6\" data-element_type=\"container\" data-e-type=\"container\">\n\t\t\t\t\t<div class=\"e-con-inner\">\n\t\t\t\t<div class=\"elementor-element elementor-element-b95c910 elementor-widget elementor-widget-heading\" data-id=\"b95c910\" data-element_type=\"widget\" data-e-type=\"widget\" data-widget_type=\"heading.default\">\n\t\t\t\t\t<h2 class=\"elementor-heading-title elementor-size-default\">1. \u00c9diteur du site<\/h2>\t\t\t\t<\/div>\n\t\t\t\t\t<\/div>\n\t\t\t\t<\/div>\n\t\t<div class=\"elementor-element elementor-element-98a88c9 e-flex e-con-boxed e-con e-parent\" data-id=\"98a88c9\" data-element_type=\"container\" data-e-type=\"container\">\n\t\t\t\t\t<div class=\"e-con-inner\">\n\t\t\t\t<div class=\"elementor-element elementor-element-71c8bce elementor-widget elementor-widget-text-editor\" data-id=\"71c8bce\" data-element_type=\"widget\" data-e-type=\"widget\" data-widget_type=\"text-editor.default\">\n\t\t\t\t\t\t\t\t\t<p data-start=\"447\" data-end=\"664\">Le site <strong data-start=\"455\" data-end=\"468\">Green Way<\/strong> (accessible \u00e0 l\u2019adresse : <a href=\"https:\/\/www.iaenice.com\/m1com13\/wp-admin\/\">www.greenway.com<\/a>) est \u00e9dit\u00e9 par : <strong data-start=\"540\" data-end=\"558\">Green Way SARL<\/strong>, soci\u00e9t\u00e9 au capital de 5<strong data-start=\"582\" data-end=\"594\">0 000 \u20ac<\/strong>, immatricul\u00e9e au <strong data-start=\"612\" data-end=\"630\">RCS de Nice<\/strong> sous le num\u00e9ro <strong data-start=\"646\" data-end=\"661\">0123456789<\/strong>.<\/p><p data-start=\"666\" data-end=\"887\"><strong data-start=\"666\" data-end=\"684\">Si\u00e8ge social :<\/strong> 5 rue du 22e B.C.A, 06000 Nice, France<br data-start=\"726\" data-end=\"729\" \/><strong data-start=\"729\" data-end=\"744\">T\u00e9l\u00e9phone :<\/strong> 06 70 27 31 34<br data-start=\"761\" data-end=\"764\" \/><strong data-start=\"764\" data-end=\"784\">Adresse e-mail :<\/strong> <a class=\"decorated-link cursor-pointer\" rel=\"noopener\">contact@greenway-voyages.fr<\/a><br data-start=\"814\" data-end=\"817\" \/><strong data-start=\"817\" data-end=\"848\">Co-directreurs de publication :<\/strong> LA ROCHE Candice et ABDILLAH Thibault en qualit\u00e9 de g\u00e9rants.<\/p>\t\t\t\t\t\t\t\t<\/div>\n\t\t\t\t\t<\/div>\n\t\t\t\t<\/div>\n\t\t<div class=\"elementor-element elementor-element-7bf861f e-flex e-con-boxed e-con e-parent\" data-id=\"7bf861f\" data-element_type=\"container\" data-e-type=\"container\">\n\t\t\t\t\t<div class=\"e-con-inner\">\n\t\t\t\t<div class=\"elementor-element elementor-element-eaa00cb elementor-widget elementor-widget-heading\" data-id=\"eaa00cb\" data-element_type=\"widget\" data-e-type=\"widget\" data-widget_type=\"heading.default\">\n\t\t\t\t\t<h2 class=\"elementor-heading-title elementor-size-default\">2. H\u00e9bergement du site<\/h2>\t\t\t\t<\/div>\n\t\t\t\t\t<\/div>\n\t\t\t\t<\/div>\n\t\t<div class=\"elementor-element elementor-element-86fbd5f e-flex e-con-boxed e-con e-parent\" data-id=\"86fbd5f\" data-element_type=\"container\" data-e-type=\"container\">\n\t\t\t\t\t<div class=\"e-con-inner\">\n\t\t\t\t<div class=\"elementor-element elementor-element-c03a17b elementor-widget elementor-widget-text-editor\" data-id=\"c03a17b\" data-element_type=\"widget\" data-e-type=\"widget\" data-widget_type=\"text-editor.default\">\n\t\t\t\t\t\t\t\t\t<p data-start=\"447\" data-end=\"664\">Le site est h\u00e9berg\u00e9 par : WordPress<br data-start=\"973\" data-end=\"976\" \/>Adresse : 15 rue des Halles<br data-start=\"1004\" data-end=\"1007\" \/>Siret : 927 966 843 00011<br data-start=\"1027\" data-end=\"1030\" \/>Site web : <a href=\"https:\/\/wordpress.com\/log-in\/fr\">WordPress<\/a><\/p>\t\t\t\t\t\t\t\t<\/div>\n\t\t\t\t\t<\/div>\n\t\t\t\t<\/div>\n\t\t<div class=\"elementor-element elementor-element-b397062 e-flex e-con-boxed e-con e-parent\" data-id=\"b397062\" data-element_type=\"container\" data-e-type=\"container\">\n\t\t\t\t\t<div class=\"e-con-inner\">\n\t\t\t\t<div class=\"elementor-element elementor-element-134dd36 elementor-widget elementor-widget-heading\" data-id=\"134dd36\" data-element_type=\"widget\" data-e-type=\"widget\" data-widget_type=\"heading.default\">\n\t\t\t\t\t<h2 class=\"elementor-heading-title elementor-size-default\">3. Conception et d\u00e9veloppement<\/h2>\t\t\t\t<\/div>\n\t\t\t\t\t<\/div>\n\t\t\t\t<\/div>\n\t\t<div class=\"elementor-element elementor-element-988a127 e-flex e-con-boxed e-con e-parent\" data-id=\"988a127\" data-element_type=\"container\" data-e-type=\"container\">\n\t\t\t\t\t<div class=\"e-con-inner\">\n\t\t\t\t<div class=\"elementor-element elementor-element-8586f8a elementor-widget elementor-widget-text-editor\" data-id=\"8586f8a\" data-element_type=\"widget\" data-e-type=\"widget\" data-widget_type=\"text-editor.default\">\n\t\t\t\t\t\t\t\t\t<p>Conception graphique, int\u00e9gration et d\u00e9veloppement web : <strong data-start=\"1177\" data-end=\"1223\">Green Way \u2013 \u00c9quipe Communication &amp; Digital<\/strong><\/p>\t\t\t\t\t\t\t\t<\/div>\n\t\t\t\t\t<\/div>\n\t\t\t\t<\/div>\n\t\t<div class=\"elementor-element elementor-element-17becec e-flex e-con-boxed e-con e-parent\" data-id=\"17becec\" data-element_type=\"container\" data-e-type=\"container\">\n\t\t\t\t\t<div class=\"e-con-inner\">\n\t\t\t\t<div class=\"elementor-element elementor-element-c8b529e elementor-widget elementor-widget-heading\" data-id=\"c8b529e\" data-element_type=\"widget\" data-e-type=\"widget\" data-widget_type=\"heading.default\">\n\t\t\t\t\t<h2 class=\"elementor-heading-title elementor-size-default\">4. Conditions d\u2019utilisation<\/h2>\t\t\t\t<\/div>\n\t\t\t\t\t<\/div>\n\t\t\t\t<\/div>\n\t\t<div class=\"elementor-element elementor-element-8340c96 e-flex e-con-boxed e-con e-parent\" data-id=\"8340c96\" data-element_type=\"container\" data-e-type=\"container\">\n\t\t\t\t\t<div class=\"e-con-inner\">\n\t\t\t\t<div class=\"elementor-element elementor-element-8a549c7 elementor-widget elementor-widget-text-editor\" data-id=\"8a549c7\" data-element_type=\"widget\" data-e-type=\"widget\" data-widget_type=\"text-editor.default\">\n\t\t\t\t\t\t\t\t\t<p data-start=\"1384\" data-end=\"1623\">L\u2019utilisation du site <strong data-start=\"1406\" data-end=\"1419\">Green Way<\/strong> implique l\u2019acceptation pleine et enti\u00e8re des pr\u00e9sentes mentions l\u00e9gales.<br data-start=\"1492\" data-end=\"1495\" \/>Celles-ci peuvent \u00eatre modifi\u00e9es ou compl\u00e9t\u00e9es \u00e0 tout moment ; les utilisateurs sont donc invit\u00e9s \u00e0 les consulter r\u00e9guli\u00e8rement.<\/p><p data-start=\"1625\" data-end=\"1807\"><strong data-start=\"1625\" data-end=\"1638\">Green Way<\/strong> s\u2019efforce de fournir des informations pr\u00e9cises et actualis\u00e9es, mais ne saurait \u00eatre tenue responsable d\u2019erreurs, d\u2019omissions ou de l\u2019indisponibilit\u00e9 de certaines pages.<\/p>\t\t\t\t\t\t\t\t<\/div>\n\t\t\t\t\t<\/div>\n\t\t\t\t<\/div>\n\t\t<div class=\"elementor-element elementor-element-74af5e7 e-flex e-con-boxed e-con e-parent\" data-id=\"74af5e7\" data-element_type=\"container\" data-e-type=\"container\">\n\t\t\t\t\t<div class=\"e-con-inner\">\n\t\t\t\t<div class=\"elementor-element elementor-element-ae99d4d elementor-widget elementor-widget-heading\" data-id=\"ae99d4d\" data-element_type=\"widget\" data-e-type=\"widget\" data-widget_type=\"heading.default\">\n\t\t\t\t\t<h2 class=\"elementor-heading-title elementor-size-default\">5. Donn\u00e9es personnelles et confidentialit\u00e9<\/h2>\t\t\t\t<\/div>\n\t\t\t\t\t<\/div>\n\t\t\t\t<\/div>\n\t\t<div class=\"elementor-element elementor-element-f9d6c7b e-flex e-con-boxed e-con e-parent\" data-id=\"f9d6c7b\" data-element_type=\"container\" data-e-type=\"container\">\n\t\t\t\t\t<div class=\"e-con-inner\">\n\t\t\t\t<div class=\"elementor-element elementor-element-71eb977 elementor-widget elementor-widget-text-editor\" data-id=\"71eb977\" data-element_type=\"widget\" data-e-type=\"widget\" data-widget_type=\"text-editor.default\">\n\t\t\t\t\t\t\t\t\t<p data-start=\"2248\" data-end=\"2517\">Conform\u00e9ment au <strong data-start=\"2264\" data-end=\"2336\">R\u00e8glement G\u00e9n\u00e9ral sur la Protection des Donn\u00e9es (RGPD \u2013 UE 2016\/679)<\/strong>, les informations personnelles collect\u00e9es sur le site font l\u2019objet d\u2019un traitement destin\u00e9 uniquement \u00e0 <strong data-start=\"2441\" data-end=\"2514\">la gestion des demandes clients et l\u2019envoi de la newsletter Green Way<\/strong>.<\/p><p data-start=\"2519\" data-end=\"2709\">Pour en savoir plus, consultez notre <a class=\"decorated-link\" href=\"https:\/\/www.iaenice.com\/m1com13\/politique-de-confidentialite\/?preview_id=861&amp;preview_nonce=225c98445f&amp;preview=true\" target=\"_new\" rel=\"noopener\" data-start=\"2556\" data-end=\"2706\"><strong data-start=\"2557\" data-end=\"2589\">Politique de confidentialit\u00e9<\/strong><\/a>.<\/p><p data-start=\"2711\" data-end=\"2892\">Vous disposez d\u2019un droit d\u2019acc\u00e8s, de rectification, de suppression et d\u2019opposition concernant vos donn\u00e9es personnelles.<\/p>\t\t\t\t\t\t\t\t<\/div>\n\t\t\t\t\t<\/div>\n\t\t\t\t<\/div>\n\t\t<div class=\"elementor-element elementor-element-3b80824 e-flex e-con-boxed e-con e-parent\" data-id=\"3b80824\" data-element_type=\"container\" data-e-type=\"container\">\n\t\t\t\t\t<div class=\"e-con-inner\">\n\t\t\t\t<div class=\"elementor-element elementor-element-7977f70 elementor-widget elementor-widget-heading\" data-id=\"7977f70\" data-element_type=\"widget\" data-e-type=\"widget\" data-widget_type=\"heading.default\">\n\t\t\t\t\t<h2 class=\"elementor-heading-title elementor-size-default\">6. S\u00e9curit\u00e9 et pr\u00e9vention de la fraude<\/h2>\t\t\t\t<\/div>\n\t\t\t\t\t<\/div>\n\t\t\t\t<\/div>\n\t\t<div class=\"elementor-element elementor-element-873dda8 e-flex e-con-boxed e-con e-parent\" data-id=\"873dda8\" data-element_type=\"container\" data-e-type=\"container\">\n\t\t\t\t\t<div class=\"e-con-inner\">\n\t\t\t\t<div class=\"elementor-element elementor-element-61f8d5c elementor-widget elementor-widget-text-editor\" data-id=\"61f8d5c\" data-element_type=\"widget\" data-e-type=\"widget\" data-widget_type=\"text-editor.default\">\n\t\t\t\t\t\t\t\t\t<p data-start=\"2248\" data-end=\"2517\"><strong data-start=\"2942\" data-end=\"2955\">Green Way<\/strong> ne demande <strong data-start=\"2967\" data-end=\"2977\">jamais<\/strong> de coordonn\u00e9es bancaires par e-mail ou par t\u00e9l\u00e9phone.<br data-start=\"3031\" data-end=\"3034\" \/>Toute r\u00e9servation ou paiement est effectu\u00e9 uniquement <strong data-start=\"3088\" data-end=\"3133\">en agence, lors d\u2019un rendez-vous physique<\/strong> avec un conseiller.<br data-start=\"3153\" data-end=\"3156\" \/>Soyez vigilants face aux tentatives de fraude ou de phishing.<\/p><p data-start=\"2248\" data-end=\"2517\">En cas de doute, contactez directement notre \u00e9quipe au num\u00e9ro suivant : 06 70 27 31 34<\/p>\t\t\t\t\t\t\t\t<\/div>\n\t\t\t\t\t<\/div>\n\t\t\t\t<\/div>\n\t\t<div class=\"elementor-element elementor-element-4bc72bc e-flex e-con-boxed e-con e-parent\" data-id=\"4bc72bc\" data-element_type=\"container\" data-e-type=\"container\">\n\t\t\t\t\t<div class=\"e-con-inner\">\n\t\t\t\t<div class=\"elementor-element elementor-element-6a67693 elementor-widget elementor-widget-heading\" data-id=\"6a67693\" data-element_type=\"widget\" data-e-type=\"widget\" data-widget_type=\"heading.default\">\n\t\t\t\t\t<h2 class=\"elementor-heading-title elementor-size-default\">7. Liens externes<\/h2>\t\t\t\t<\/div>\n\t\t\t\t\t<\/div>\n\t\t\t\t<\/div>\n\t\t<div class=\"elementor-element elementor-element-c942118 e-flex e-con-boxed e-con e-parent\" data-id=\"c942118\" data-element_type=\"container\" data-e-type=\"container\">\n\t\t\t\t\t<div class=\"e-con-inner\">\n\t\t\t\t<div class=\"elementor-element elementor-element-352e86c elementor-widget elementor-widget-text-editor\" data-id=\"352e86c\" data-element_type=\"widget\" data-e-type=\"widget\" data-widget_type=\"text-editor.default\">\n\t\t\t\t\t\t\t\t\t<p data-start=\"2248\" data-end=\"2517\">Le site peut contenir des liens vers d\u2019autres sites externes.<br data-start=\"3394\" data-end=\"3397\" \/><strong data-start=\"3397\" data-end=\"3410\">Green Way<\/strong> n\u2019assume aucune responsabilit\u00e9 quant au contenu ou \u00e0 la politique de confidentialit\u00e9 de ces sites tiers.<\/p>\t\t\t\t\t\t\t\t<\/div>\n\t\t\t\t\t<\/div>\n\t\t\t\t<\/div>\n\t\t<div class=\"elementor-element elementor-element-2d70c7c e-flex e-con-boxed e-con e-parent\" data-id=\"2d70c7c\" data-element_type=\"container\" data-e-type=\"container\">\n\t\t\t\t\t<div class=\"e-con-inner\">\n\t\t\t\t<div class=\"elementor-element elementor-element-6dbac2c elementor-widget elementor-widget-heading\" data-id=\"6dbac2c\" data-element_type=\"widget\" data-e-type=\"widget\" data-widget_type=\"heading.default\">\n\t\t\t\t\t<h2 class=\"elementor-heading-title elementor-size-default\">8. Limitation de responsabilit\u00e9<\/h2>\t\t\t\t<\/div>\n\t\t\t\t\t<\/div>\n\t\t\t\t<\/div>\n\t\t<div class=\"elementor-element elementor-element-478f78e e-flex e-con-boxed e-con e-parent\" data-id=\"478f78e\" data-element_type=\"container\" data-e-type=\"container\">\n\t\t\t\t\t<div class=\"e-con-inner\">\n\t\t\t\t<div class=\"elementor-element elementor-element-7f6cbad elementor-widget elementor-widget-text-editor\" data-id=\"7f6cbad\" data-element_type=\"widget\" data-e-type=\"widget\" data-widget_type=\"text-editor.default\">\n\t\t\t\t\t\t\t\t\t<p data-start=\"3558\" data-end=\"3710\"><strong data-start=\"3558\" data-end=\"3571\">Green Way<\/strong> ne pourra \u00eatre tenue responsable des dommages directs ou indirects r\u00e9sultant de l\u2019utilisation du site ou de l\u2019impossibilit\u00e9 d\u2019y acc\u00e9der. L\u2019utilisateur s\u2019engage \u00e0 ne pas transmettre de contenu ill\u00e9gal, diffamatoire ou contraire \u00e0 l\u2019ordre public via ce site.<\/p>\t\t\t\t\t\t\t\t<\/div>\n\t\t\t\t\t<\/div>\n\t\t\t\t<\/div>\n\t\t<div class=\"elementor-element elementor-element-2165471 e-flex e-con-boxed e-con e-parent\" data-id=\"2165471\" data-element_type=\"container\" data-e-type=\"container\">\n\t\t\t\t\t<div class=\"e-con-inner\">\n\t\t\t\t<div class=\"elementor-element elementor-element-9faac48 elementor-widget elementor-widget-heading\" data-id=\"9faac48\" data-element_type=\"widget\" data-e-type=\"widget\" data-widget_type=\"heading.default\">\n\t\t\t\t\t<h2 class=\"elementor-heading-title elementor-size-default\">9. Droit applicable et juridiction comp\u00e9tente<\/h2>\t\t\t\t<\/div>\n\t\t\t\t\t<\/div>\n\t\t\t\t<\/div>\n\t\t<div class=\"elementor-element elementor-element-290e277 e-flex e-con-boxed e-con e-parent\" data-id=\"290e277\" data-element_type=\"container\" data-e-type=\"container\">\n\t\t\t\t\t<div class=\"e-con-inner\">\n\t\t\t\t<div class=\"elementor-element elementor-element-2723aba elementor-widget elementor-widget-text-editor\" data-id=\"2723aba\" data-element_type=\"widget\" data-e-type=\"widget\" data-widget_type=\"text-editor.default\">\n\t\t\t\t\t\t\t\t\t<p data-start=\"3558\" data-end=\"3710\">Les pr\u00e9sentes mentions l\u00e9gales sont r\u00e9gies par le <strong data-start=\"3939\" data-end=\"3957\">droit fran\u00e7ais<\/strong>.<br data-start=\"3958\" data-end=\"3961\" \/>En cas de litige, et \u00e0 d\u00e9faut de r\u00e9solution amiable, la comp\u00e9tence est attribu\u00e9e aux tribunaux de <b>Nice.<\/b><\/p>\t\t\t\t\t\t\t\t<\/div>\n\t\t\t\t\t<\/div>\n\t\t\t\t<\/div>\n\t\t<div class=\"elementor-element elementor-element-f99f200 e-flex e-con-boxed e-con e-parent\" data-id=\"f99f200\" data-element_type=\"container\" data-e-type=\"container\">\n\t\t\t\t\t<div class=\"e-con-inner\">\n\t\t\t\t<div class=\"elementor-element elementor-element-1c5f67e elementor-widget elementor-widget-heading\" data-id=\"1c5f67e\" data-element_type=\"widget\" data-e-type=\"widget\" data-widget_type=\"heading.default\">\n\t\t\t\t\t<h2 class=\"elementor-heading-title elementor-size-default\">10. Contact<\/h2>\t\t\t\t<\/div>\n\t\t\t\t\t<\/div>\n\t\t\t\t<\/div>\n\t\t<div class=\"elementor-element elementor-element-db203d2 e-flex e-con-boxed e-con e-parent\" data-id=\"db203d2\" data-element_type=\"container\" data-e-type=\"container\">\n\t\t\t\t\t<div class=\"e-con-inner\">\n\t\t\t\t<div class=\"elementor-element elementor-element-7c4dd86 elementor-widget elementor-widget-text-editor\" data-id=\"7c4dd86\" data-element_type=\"widget\" data-e-type=\"widget\" data-widget_type=\"text-editor.default\">\n\t\t\t\t\t\t\t\t\t<p data-start=\"3558\" data-end=\"3710\">Pour toute question concernant le site ou les mentions l\u00e9gales, vous pouvez nous contacter \u00e0 : 06 70 27 31 34.\u00a0<\/p><p data-start=\"3558\" data-end=\"3710\">Pour en savoir plus sur notre histoire et notre philosophie de voyage, rendez-vous sur notre page <strong><a class=\"decorated-link\" href=\"https:\/\/www.iaenice.com\/m1com13\/about\/?open-ea11y-assistant=1&amp;open-ea11y-assistant-src=WP\" rel=\"noopener\" data-start=\"220\" data-end=\"240\">Qui sommes-nous<\/a><\/strong> pour apprendre \u00e0 mieux nous conna\u00eetre.<\/p>\t\t\t\t\t\t\t\t<\/div>\n\t\t\t\t\t<\/div>\n\t\t\t\t<\/div>\n\t\t<div class=\"elementor-element elementor-element-f341a3b e-flex e-con-boxed e-con e-parent\" data-id=\"f341a3b\" data-element_type=\"container\" data-e-type=\"container\">\n\t\t\t\t\t<div class=\"e-con-inner\">\n\t\t\t\t<div class=\"elementor-element elementor-element-5d9bb99 elementor-widget elementor-widget-spacer\" data-id=\"5d9bb99\" data-element_type=\"widget\" data-e-type=\"widget\" data-widget_type=\"spacer.default\">\n\t\t\t\t\t\t\t<div class=\"elementor-spacer\">\n\t\t\t<div class=\"elementor-spacer-inner\"><\/div>\n\t\t<\/div>\n\t\t\t\t\t\t<\/div>\n\t\t\t\t\t<\/div>\n\t\t\t\t<\/div>\n\t\t\t\t<\/div>\n\t\t","protected":false},"excerpt":{"rendered":"<p>1. \u00c9diteur du site Le site Green Way (accessible \u00e0 l\u2019adresse : www.greenway.com) est \u00e9dit\u00e9 par : Green Way SARL, soci\u00e9t\u00e9 au capital de 50 000 \u20ac, immatricul\u00e9e au RCS de Nice sous le num\u00e9ro 0123456789. Si\u00e8ge social : 5 rue du 22e B.C.A, 06000 Nice, FranceT\u00e9l\u00e9phone : 06 70 27 31 34Adresse e-mail : &hellip; <\/p>\n<p class=\"link-more\"><a href=\"https:\/\/www.iaenice.com\/m1com13\/mentions-legales\/\" class=\"more-link\">Lire la suite de<span class=\"screen-reader-text\">\u00ab\u00a0Mentions l\u00e9gales\u00a0\u00bb<\/span><\/a><\/p>\n","protected":false},"author":2,"featured_media":0,"parent":0,"menu_order":0,"comment_status":"closed","ping_status":"closed","template":"","meta":{"footnotes":""},"class_list":["post-900","page","type-page","status-publish","hentry"],"_links":{"self":[{"href":"https:\/\/www.iaenice.com\/m1com13\/wp-json\/wp\/v2\/pages\/900","targetHints":{"allow":["GET"]}}],"collection":[{"href":"https:\/\/www.iaenice.com\/m1com13\/wp-json\/wp\/v2\/pages"}],"about":[{"href":"https:\/\/www.iaenice.com\/m1com13\/wp-json\/wp\/v2\/types\/page"}],"author":[{"embeddable":true,"href":"https:\/\/www.iaenice.com\/m1com13\/wp-json\/wp\/v2\/users\/2"}],"replies":[{"embeddable":true,"href":"https:\/\/www.iaenice.com\/m1com13\/wp-json\/wp\/v2\/comments?post=900"}],"version-history":[{"count":7,"href":"https:\/\/www.iaenice.com\/m1com13\/wp-json\/wp\/v2\/pages\/900\/revisions"}],"predecessor-version":[{"id":982,"href":"https:\/\/www.iaenice.com\/m1com13\/wp-json\/wp\/v2\/pages\/900\/revisions\/982"}],"wp:attachment":[{"href":"https:\/\/www.iaenice.com\/m1com13\/wp-json\/wp\/v2\/media?parent=900"}],"curies":[{"name":"wp","href":"https:\/\/api.w.org\/{rel}","templated":true}]}}