{"id":861,"date":"2025-10-10T09:05:56","date_gmt":"2025-10-10T09:05:56","guid":{"rendered":"https:\/\/www.iaenice.com\/m1com13\/?page_id=861"},"modified":"2025-10-15T07:28:57","modified_gmt":"2025-10-15T07:28:57","slug":"politique-de-confidentialite","status":"publish","type":"page","link":"https:\/\/www.iaenice.com\/m1com13\/politique-de-confidentialite\/","title":{"rendered":"Politique de confidentialit\u00e9"},"content":{"rendered":"\t\t<div data-elementor-type=\"wp-page\" data-elementor-id=\"861\" class=\"elementor elementor-861\">\n\t\t\t\t<div class=\"elementor-element elementor-element-45db416 e-flex e-con-boxed e-con e-parent\" data-id=\"45db416\" data-element_type=\"container\" data-e-type=\"container\">\n\t\t\t\t\t<div class=\"e-con-inner\">\n\t\t\t\t<div class=\"elementor-element elementor-element-c898067 elementor-widget elementor-widget-text-editor\" data-id=\"c898067\" data-element_type=\"widget\" data-e-type=\"widget\" data-widget_type=\"text-editor.default\">\n\t\t\t\t\t\t\t\t\t<p>Chez <strong data-start=\"469\" data-end=\"482\">Green Way<\/strong>, nous attachons une grande importance \u00e0 la protection de vos donn\u00e9es personnelles. La pr\u00e9sente politique de confidentialit\u00e9 explique quelles informations nous collectons, comment nous les utilisons, et quels sont vos droits en mati\u00e8re de protection de vos donn\u00e9es.<\/p>\t\t\t\t\t\t\t\t<\/div>\n\t\t\t\t\t<\/div>\n\t\t\t\t<\/div>\n\t\t<div class=\"elementor-element elementor-element-fc831d7 e-flex e-con-boxed e-con e-parent\" data-id=\"fc831d7\" data-element_type=\"container\" data-e-type=\"container\">\n\t\t\t\t\t<div class=\"e-con-inner\">\n\t\t\t\t<div class=\"elementor-element elementor-element-905799b elementor-widget elementor-widget-heading\" data-id=\"905799b\" data-element_type=\"widget\" data-e-type=\"widget\" data-widget_type=\"heading.default\">\n\t\t\t\t\t<h2 class=\"elementor-heading-title elementor-size-default\">1. Responsable du traitement des donn\u00e9es<\/h2>\t\t\t\t<\/div>\n\t\t\t\t\t<\/div>\n\t\t\t\t<\/div>\n\t\t<div class=\"elementor-element elementor-element-a0c4140 e-flex e-con-boxed e-con e-parent\" data-id=\"a0c4140\" data-element_type=\"container\" data-e-type=\"container\">\n\t\t\t\t\t<div class=\"e-con-inner\">\n\t\t\t\t<div class=\"elementor-element elementor-element-6adff4d elementor-widget elementor-widget-text-editor\" data-id=\"6adff4d\" data-element_type=\"widget\" data-e-type=\"widget\" data-widget_type=\"text-editor.default\">\n\t\t\t\t\t\t\t\t\t<p>Le responsable du traitement des donn\u00e9es est <strong data-start=\"843\" data-end=\"856\">Green Way<\/strong>, situ\u00e9 au 5 rue du 22\u00e8me B.C.A, 06300, \u00e0 Nice. Vous pouvez nous contacter pour toute question concernant vos donn\u00e9es au num\u00e9ro suivant : 06 70 27 31 34.<\/p>\t\t\t\t\t\t\t\t<\/div>\n\t\t\t\t\t<\/div>\n\t\t\t\t<\/div>\n\t\t<div class=\"elementor-element elementor-element-0bc7118 e-flex e-con-boxed e-con e-parent\" data-id=\"0bc7118\" data-element_type=\"container\" data-e-type=\"container\">\n\t\t\t\t\t<div class=\"e-con-inner\">\n\t\t\t\t<div class=\"elementor-element elementor-element-c4df529 elementor-widget elementor-widget-heading\" data-id=\"c4df529\" data-element_type=\"widget\" data-e-type=\"widget\" data-widget_type=\"heading.default\">\n\t\t\t\t\t<h2 class=\"elementor-heading-title elementor-size-default\">2. Donn\u00e9es collect\u00e9es<\/h2>\t\t\t\t<\/div>\n\t\t\t\t\t<\/div>\n\t\t\t\t<\/div>\n\t\t<div class=\"elementor-element elementor-element-7b67ca9 e-flex e-con-boxed e-con e-parent\" data-id=\"7b67ca9\" data-element_type=\"container\" data-e-type=\"container\">\n\t\t\t\t\t<div class=\"e-con-inner\">\n\t\t\t\t<div class=\"elementor-element elementor-element-2a7cc90 elementor-widget elementor-widget-text-editor\" data-id=\"2a7cc90\" data-element_type=\"widget\" data-e-type=\"widget\" data-widget_type=\"text-editor.default\">\n\t\t\t\t\t\t\t\t\t<p data-start=\"1036\" data-end=\"1176\">Lors de votre inscription \u00e0 notre newsletter ou lors de l\u2019utilisation de nos services, nous pouvons collecter les informations suivantes :<\/p><ul><li data-start=\"1036\" data-end=\"1176\">Nom et pr\u00e9nom\u00a0<\/li><li data-start=\"1208\" data-end=\"1275\"><p data-start=\"1210\" data-end=\"1275\">Adresse e-mail (obligatoire pour l\u2019inscription \u00e0 la newsletter)<\/p><\/li><li data-start=\"1208\" data-end=\"1275\"><p data-start=\"1210\" data-end=\"1275\">Consentement \u00e0 recevoir nos communications marketing<\/p><\/li><\/ul><p>Dans aucun cas, nous ne vous demanderons vos informations de carte bancaire par e-mail ou par t\u00e9l\u00e9phone. Toute r\u00e9servation ou paiement se fait exclusivement en personne, lors d\u2019un rendez-vous avec un conseiller Green Way. Soyez vigilant(e) face aux tentatives de fraude et ne communiquez jamais vos donn\u00e9es bancaires \u00e0 distance.<\/p>\t\t\t\t\t\t\t\t<\/div>\n\t\t\t\t\t<\/div>\n\t\t\t\t<\/div>\n\t\t<div class=\"elementor-element elementor-element-9c8af46 e-flex e-con-boxed e-con e-parent\" data-id=\"9c8af46\" data-element_type=\"container\" data-e-type=\"container\">\n\t\t\t\t\t<div class=\"e-con-inner\">\n\t\t\t\t<div class=\"elementor-element elementor-element-5b40f0f elementor-widget elementor-widget-heading\" data-id=\"5b40f0f\" data-element_type=\"widget\" data-e-type=\"widget\" data-widget_type=\"heading.default\">\n\t\t\t\t\t<h2 class=\"elementor-heading-title elementor-size-default\">3. Finalit\u00e9 du traitement<\/h2>\t\t\t\t<\/div>\n\t\t\t\t\t<\/div>\n\t\t\t\t<\/div>\n\t\t<div class=\"elementor-element elementor-element-66ae250 e-flex e-con-boxed e-con e-parent\" data-id=\"66ae250\" data-element_type=\"container\" data-e-type=\"container\">\n\t\t\t\t\t<div class=\"e-con-inner\">\n\t\t\t\t<div class=\"elementor-element elementor-element-d45b321 elementor-widget elementor-widget-text-editor\" data-id=\"d45b321\" data-element_type=\"widget\" data-e-type=\"widget\" data-widget_type=\"text-editor.default\">\n\t\t\t\t\t\t\t\t\t<p data-start=\"1478\" data-end=\"1513\">Vos donn\u00e9es sont utilis\u00e9es pour :<\/p><ul data-start=\"1514\" data-end=\"1790\"><li data-start=\"1514\" data-end=\"1595\"><p data-start=\"1516\" data-end=\"1595\">Vous envoyer notre newsletter et nos communications sur les voyages Green Way<\/p><\/li><li data-start=\"1596\" data-end=\"1662\"><p data-start=\"1598\" data-end=\"1662\">Vous informer sur les offres, promotions et contenus exclusifs<\/p><\/li><li data-start=\"1663\" data-end=\"1736\"><p data-start=\"1665\" data-end=\"1736\">Am\u00e9liorer nos services et analyser la fr\u00e9quentation de notre site web<\/p><\/li><li data-start=\"1737\" data-end=\"1790\"><p data-start=\"1739\" data-end=\"1790\">Respecter nos obligations l\u00e9gales et r\u00e9glementaires<\/p><\/li><\/ul>\t\t\t\t\t\t\t\t<\/div>\n\t\t\t\t\t<\/div>\n\t\t\t\t<\/div>\n\t\t<div class=\"elementor-element elementor-element-2b9d6ed e-flex e-con-boxed e-con e-parent\" data-id=\"2b9d6ed\" data-element_type=\"container\" data-e-type=\"container\">\n\t\t\t\t\t<div class=\"e-con-inner\">\n\t\t\t\t<div class=\"elementor-element elementor-element-330eb23 elementor-widget elementor-widget-heading\" data-id=\"330eb23\" data-element_type=\"widget\" data-e-type=\"widget\" data-widget_type=\"heading.default\">\n\t\t\t\t\t<h2 class=\"elementor-heading-title elementor-size-default\">4. Base l\u00e9gale<\/h2>\t\t\t\t<\/div>\n\t\t\t\t\t<\/div>\n\t\t\t\t<\/div>\n\t\t<div class=\"elementor-element elementor-element-ce16348 e-flex e-con-boxed e-con e-parent\" data-id=\"ce16348\" data-element_type=\"container\" data-e-type=\"container\">\n\t\t\t\t\t<div class=\"e-con-inner\">\n\t\t\t\t<div class=\"elementor-element elementor-element-b7840ed elementor-widget elementor-widget-text-editor\" data-id=\"b7840ed\" data-element_type=\"widget\" data-e-type=\"widget\" data-widget_type=\"text-editor.default\">\n\t\t\t\t\t\t\t\t\t<p data-start=\"1815\" data-end=\"1871\">Le traitement de vos donn\u00e9es personnelles repose sur :<\/p><ul data-start=\"1872\" data-end=\"2035\"><li data-start=\"1872\" data-end=\"1942\"><p data-start=\"1874\" data-end=\"1942\">Votre consentement pour l\u2019envoi de la newsletter (art. 6.1.a RGPD)<\/p><\/li><li data-start=\"1943\" data-end=\"2035\"><p data-start=\"1945\" data-end=\"2035\">Notre int\u00e9r\u00eat l\u00e9gitime pour la gestion et l\u2019am\u00e9lioration de nos services (art. 6.1.f RGPD)<\/p><\/li><\/ul>\t\t\t\t\t\t\t\t<\/div>\n\t\t\t\t\t<\/div>\n\t\t\t\t<\/div>\n\t\t<div class=\"elementor-element elementor-element-7b0bc67 e-flex e-con-boxed e-con e-parent\" data-id=\"7b0bc67\" data-element_type=\"container\" data-e-type=\"container\">\n\t\t\t\t\t<div class=\"e-con-inner\">\n\t\t\t\t<div class=\"elementor-element elementor-element-49c6cb3 elementor-widget elementor-widget-heading\" data-id=\"49c6cb3\" data-element_type=\"widget\" data-e-type=\"widget\" data-widget_type=\"heading.default\">\n\t\t\t\t\t<h2 class=\"elementor-heading-title elementor-size-default\">5. Destinataires des donn\u00e9es<\/h2>\t\t\t\t<\/div>\n\t\t\t\t\t<\/div>\n\t\t\t\t<\/div>\n\t\t<div class=\"elementor-element elementor-element-bea17bc e-flex e-con-boxed e-con e-parent\" data-id=\"bea17bc\" data-element_type=\"container\" data-e-type=\"container\">\n\t\t\t\t\t<div class=\"e-con-inner\">\n\t\t\t\t<div class=\"elementor-element elementor-element-f7e7742 elementor-widget elementor-widget-text-editor\" data-id=\"f7e7742\" data-element_type=\"widget\" data-e-type=\"widget\" data-widget_type=\"text-editor.default\">\n\t\t\t\t\t\t\t\t\t<p data-start=\"2074\" data-end=\"2151\">Vos donn\u00e9es peuvent \u00eatre partag\u00e9es avec des prestataires de services pour :<\/p><ul data-start=\"2152\" data-end=\"2298\"><li data-start=\"2152\" data-end=\"2204\"><p data-start=\"2154\" data-end=\"2204\">L\u2019envoi des newsletters\u00a0<\/p><\/li><li data-start=\"2205\" data-end=\"2243\"><p data-start=\"2207\" data-end=\"2243\">L\u2019h\u00e9bergement s\u00e9curis\u00e9 du site web<\/p><\/li><li data-start=\"2244\" data-end=\"2298\"><p data-start=\"2246\" data-end=\"2298\">L\u2019analyse statistique et l\u2019am\u00e9lioration des services<\/p><\/li><\/ul><p data-start=\"2246\" data-end=\"2298\">Ces prestataires sont soumis \u00e0 des obligations contractuelles strictes pour garantir la s\u00e9curit\u00e9 et la confidentialit\u00e9 des donn\u00e9es.<\/p>\t\t\t\t\t\t\t\t<\/div>\n\t\t\t\t\t<\/div>\n\t\t\t\t<\/div>\n\t\t<div class=\"elementor-element elementor-element-d41e51b e-flex e-con-boxed e-con e-parent\" data-id=\"d41e51b\" data-element_type=\"container\" data-e-type=\"container\">\n\t\t\t\t\t<div class=\"e-con-inner\">\n\t\t\t\t<div class=\"elementor-element elementor-element-82fb606 elementor-widget elementor-widget-heading\" data-id=\"82fb606\" data-element_type=\"widget\" data-e-type=\"widget\" data-widget_type=\"heading.default\">\n\t\t\t\t\t<h2 class=\"elementor-heading-title elementor-size-default\">6. Dur\u00e9e de conservation<\/h2>\t\t\t\t<\/div>\n\t\t\t\t\t<\/div>\n\t\t\t\t<\/div>\n\t\t<div class=\"elementor-element elementor-element-b421586 e-flex e-con-boxed e-con e-parent\" data-id=\"b421586\" data-element_type=\"container\" data-e-type=\"container\">\n\t\t\t\t\t<div class=\"e-con-inner\">\n\t\t\t\t<div class=\"elementor-element elementor-element-67dfcb7 elementor-widget elementor-widget-text-editor\" data-id=\"67dfcb7\" data-element_type=\"widget\" data-e-type=\"widget\" data-widget_type=\"text-editor.default\">\n\t\t\t\t\t\t\t\t\t<p data-start=\"2466\" data-end=\"2497\">Vos donn\u00e9es sont conserv\u00e9es :<\/p><ul data-start=\"2498\" data-end=\"2680\"><li data-start=\"2498\" data-end=\"2555\"><p data-start=\"2500\" data-end=\"2555\"><strong data-start=\"2500\" data-end=\"2522\">Pour la newsletter<\/strong> : jusqu\u2019\u00e0 votre d\u00e9sinscription<\/p><\/li><li data-start=\"2556\" data-end=\"2680\"><p data-start=\"2558\" data-end=\"2680\"><strong data-start=\"2558\" data-end=\"2584\">Pour d\u2019autres services<\/strong> : conform\u00e9ment aux obligations l\u00e9gales et pour une dur\u00e9e n\u00e9cessaire \u00e0 la finalit\u00e9 du traitement<\/p><\/li><\/ul>\t\t\t\t\t\t\t\t<\/div>\n\t\t\t\t\t<\/div>\n\t\t\t\t<\/div>\n\t\t<div class=\"elementor-element elementor-element-56a6bc9 e-flex e-con-boxed e-con e-parent\" data-id=\"56a6bc9\" data-element_type=\"container\" data-e-type=\"container\">\n\t\t\t\t\t<div class=\"e-con-inner\">\n\t\t\t\t<div class=\"elementor-element elementor-element-24b38f5 elementor-widget elementor-widget-heading\" data-id=\"24b38f5\" data-element_type=\"widget\" data-e-type=\"widget\" data-widget_type=\"heading.default\">\n\t\t\t\t\t<h2 class=\"elementor-heading-title elementor-size-default\">7. Vos droits<\/h2>\t\t\t\t<\/div>\n\t\t\t\t\t<\/div>\n\t\t\t\t<\/div>\n\t\t<div class=\"elementor-element elementor-element-379acad e-flex e-con-boxed e-con e-parent\" data-id=\"379acad\" data-element_type=\"container\" data-e-type=\"container\">\n\t\t\t\t\t<div class=\"e-con-inner\">\n\t\t\t\t<div class=\"elementor-element elementor-element-2e0dfa4 elementor-widget elementor-widget-text-editor\" data-id=\"2e0dfa4\" data-element_type=\"widget\" data-e-type=\"widget\" data-widget_type=\"text-editor.default\">\n\t\t\t\t\t\t\t\t\t<p data-start=\"2704\" data-end=\"2763\">Conform\u00e9ment au RGPD, vous disposez des droits suivants :<\/p><ul data-start=\"2764\" data-end=\"3070\"><li data-start=\"2764\" data-end=\"2804\"><p data-start=\"2766\" data-end=\"2804\"><strong data-start=\"2766\" data-end=\"2775\">Acc\u00e8s<\/strong> \u00e0 vos donn\u00e9es personnelles<\/p><\/li><li data-start=\"2805\" data-end=\"2862\"><p data-start=\"2807\" data-end=\"2862\"><strong data-start=\"2807\" data-end=\"2824\">Rectification<\/strong> de donn\u00e9es inexactes ou incompl\u00e8tes<\/p><\/li><li data-start=\"2863\" data-end=\"2917\"><p data-start=\"2865\" data-end=\"2917\"><strong data-start=\"2865\" data-end=\"2880\">Suppression<\/strong> de vos donn\u00e9es (\u201cdroit \u00e0 l\u2019oubli\u201d)<\/p><\/li><li data-start=\"2918\" data-end=\"2965\"><p data-start=\"2920\" data-end=\"2965\"><strong data-start=\"2920\" data-end=\"2934\">Limitation<\/strong> du traitement de vos donn\u00e9es<\/p><\/li><li data-start=\"2966\" data-end=\"3000\"><p data-start=\"2968\" data-end=\"3000\"><strong data-start=\"2968\" data-end=\"2983\">Portabilit\u00e9<\/strong> de vos donn\u00e9es<\/p><\/li><li data-start=\"3001\" data-end=\"3070\"><p data-start=\"3003\" data-end=\"3070\"><strong data-start=\"3003\" data-end=\"3017\">Opposition<\/strong> au traitement de vos donn\u00e9es pour marketing direct<\/p><\/li><\/ul><p data-start=\"3072\" data-end=\"3151\">Pour exercer vos droits, vous pouvez nous contacter au num\u00e9ro suivant : 06 70 27 31 34.<\/p>\t\t\t\t\t\t\t\t<\/div>\n\t\t\t\t\t<\/div>\n\t\t\t\t<\/div>\n\t\t<div class=\"elementor-element elementor-element-71f3f79 e-flex e-con-boxed e-con e-parent\" data-id=\"71f3f79\" data-element_type=\"container\" data-e-type=\"container\">\n\t\t\t\t\t<div class=\"e-con-inner\">\n\t\t\t\t<div class=\"elementor-element elementor-element-1015b9e elementor-widget elementor-widget-heading\" data-id=\"1015b9e\" data-element_type=\"widget\" data-e-type=\"widget\" data-widget_type=\"heading.default\">\n\t\t\t\t\t<h2 class=\"elementor-heading-title elementor-size-default\">8. D\u00e9sinscription<\/h2>\t\t\t\t<\/div>\n\t\t\t\t\t<\/div>\n\t\t\t\t<\/div>\n\t\t<div class=\"elementor-element elementor-element-8f49c82 e-flex e-con-boxed e-con e-parent\" data-id=\"8f49c82\" data-element_type=\"container\" data-e-type=\"container\">\n\t\t\t\t\t<div class=\"e-con-inner\">\n\t\t\t\t<div class=\"elementor-element elementor-element-816f7c4 elementor-widget elementor-widget-text-editor\" data-id=\"816f7c4\" data-element_type=\"widget\" data-e-type=\"widget\" data-widget_type=\"text-editor.default\">\n\t\t\t\t\t\t\t\t\t<p data-start=\"2704\" data-end=\"2763\">Vous pouvez \u00e0 tout moment vous d\u00e9sinscrire de notre newsletter via le lien de d\u00e9sinscription inclus dans chaque e-mail. Apr\u00e8s d\u00e9sinscription, vos donn\u00e9es li\u00e9es \u00e0 la newsletter seront supprim\u00e9es.<\/p>\t\t\t\t\t\t\t\t<\/div>\n\t\t\t\t\t<\/div>\n\t\t\t\t<\/div>\n\t\t<div class=\"elementor-element elementor-element-1ab0dc2 e-flex e-con-boxed e-con e-parent\" data-id=\"1ab0dc2\" data-element_type=\"container\" data-e-type=\"container\">\n\t\t\t\t\t<div class=\"e-con-inner\">\n\t\t\t\t<div class=\"elementor-element elementor-element-bae2643 elementor-widget elementor-widget-heading\" data-id=\"bae2643\" data-element_type=\"widget\" data-e-type=\"widget\" data-widget_type=\"heading.default\">\n\t\t\t\t\t<h2 class=\"elementor-heading-title elementor-size-default\">9. S\u00e9curit\u00e9 des donn\u00e9es<\/h2>\t\t\t\t<\/div>\n\t\t\t\t\t<\/div>\n\t\t\t\t<\/div>\n\t\t<div class=\"elementor-element elementor-element-f007530 e-flex e-con-boxed e-con e-parent\" data-id=\"f007530\" data-element_type=\"container\" data-e-type=\"container\">\n\t\t\t\t\t<div class=\"e-con-inner\">\n\t\t\t\t<div class=\"elementor-element elementor-element-a5bd0a7 elementor-widget elementor-widget-text-editor\" data-id=\"a5bd0a7\" data-element_type=\"widget\" data-e-type=\"widget\" data-widget_type=\"text-editor.default\">\n\t\t\t\t\t\t\t\t\t<p data-start=\"2704\" data-end=\"2763\">Nous mettons en place des mesures techniques et organisationnelles pour prot\u00e9ger vos donn\u00e9es contre la perte, le vol ou l\u2019acc\u00e8s non autoris\u00e9. Cependant, aucune transmission sur internet n\u2019est totalement s\u00e9curis\u00e9e.<\/p>\t\t\t\t\t\t\t\t<\/div>\n\t\t\t\t\t<\/div>\n\t\t\t\t<\/div>\n\t\t<div class=\"elementor-element elementor-element-6da52ce e-flex e-con-boxed e-con e-parent\" data-id=\"6da52ce\" data-element_type=\"container\" data-e-type=\"container\">\n\t\t\t\t\t<div class=\"e-con-inner\">\n\t\t\t\t<div class=\"elementor-element elementor-element-ef0443b elementor-widget elementor-widget-heading\" data-id=\"ef0443b\" data-element_type=\"widget\" data-e-type=\"widget\" data-widget_type=\"heading.default\">\n\t\t\t\t\t<h2 class=\"elementor-heading-title elementor-size-default\">10. Modifications de la politique<\/h2>\t\t\t\t<\/div>\n\t\t\t\t\t<\/div>\n\t\t\t\t<\/div>\n\t\t<div class=\"elementor-element elementor-element-b4a5251 e-flex e-con-boxed e-con e-parent\" data-id=\"b4a5251\" data-element_type=\"container\" data-e-type=\"container\">\n\t\t\t\t\t<div class=\"e-con-inner\">\n\t\t\t\t<div class=\"elementor-element elementor-element-1f220bb elementor-widget elementor-widget-text-editor\" data-id=\"1f220bb\" data-element_type=\"widget\" data-e-type=\"widget\" data-widget_type=\"text-editor.default\">\n\t\t\t\t\t\t\t\t\t<p data-start=\"2704\" data-end=\"2763\">Cette politique de confidentialit\u00e9 peut \u00eatre mise \u00e0 jour. La date de derni\u00e8re modification sera indiqu\u00e9e en haut du document. Nous vous encourageons \u00e0 la consulter r\u00e9guli\u00e8rement.<\/p>\t\t\t\t\t\t\t\t<\/div>\n\t\t\t\t\t<\/div>\n\t\t\t\t<\/div>\n\t\t<div class=\"elementor-element elementor-element-97f915f e-flex e-con-boxed e-con e-parent\" data-id=\"97f915f\" data-element_type=\"container\" data-e-type=\"container\">\n\t\t\t\t\t<div class=\"e-con-inner\">\n\t\t\t\t<div class=\"elementor-element elementor-element-c87f9bd elementor-widget elementor-widget-spacer\" data-id=\"c87f9bd\" data-element_type=\"widget\" data-e-type=\"widget\" data-widget_type=\"spacer.default\">\n\t\t\t\t\t\t\t<div class=\"elementor-spacer\">\n\t\t\t<div class=\"elementor-spacer-inner\"><\/div>\n\t\t<\/div>\n\t\t\t\t\t\t<\/div>\n\t\t\t\t\t<\/div>\n\t\t\t\t<\/div>\n\t\t\t\t<\/div>\n\t\t","protected":false},"excerpt":{"rendered":"<p>Chez Green Way, nous attachons une grande importance \u00e0 la protection de vos donn\u00e9es personnelles. La pr\u00e9sente politique de confidentialit\u00e9 explique quelles informations nous collectons, comment nous les utilisons, et quels sont vos droits en mati\u00e8re de protection de vos donn\u00e9es. 1. Responsable du traitement des donn\u00e9es Le responsable du traitement des donn\u00e9es est Green &hellip; <\/p>\n<p class=\"link-more\"><a href=\"https:\/\/www.iaenice.com\/m1com13\/politique-de-confidentialite\/\" class=\"more-link\">Lire la suite de<span class=\"screen-reader-text\">\u00ab\u00a0Politique de confidentialit\u00e9\u00a0\u00bb<\/span><\/a><\/p>\n","protected":false},"author":2,"featured_media":862,"parent":0,"menu_order":0,"comment_status":"closed","ping_status":"closed","template":"","meta":{"footnotes":""},"class_list":["post-861","page","type-page","status-publish","has-post-thumbnail","hentry"],"_links":{"self":[{"href":"https:\/\/www.iaenice.com\/m1com13\/wp-json\/wp\/v2\/pages\/861","targetHints":{"allow":["GET"]}}],"collection":[{"href":"https:\/\/www.iaenice.com\/m1com13\/wp-json\/wp\/v2\/pages"}],"about":[{"href":"https:\/\/www.iaenice.com\/m1com13\/wp-json\/wp\/v2\/types\/page"}],"author":[{"embeddable":true,"href":"https:\/\/www.iaenice.com\/m1com13\/wp-json\/wp\/v2\/users\/2"}],"replies":[{"embeddable":true,"href":"https:\/\/www.iaenice.com\/m1com13\/wp-json\/wp\/v2\/comments?post=861"}],"version-history":[{"count":7,"href":"https:\/\/www.iaenice.com\/m1com13\/wp-json\/wp\/v2\/pages\/861\/revisions"}],"predecessor-version":[{"id":992,"href":"https:\/\/www.iaenice.com\/m1com13\/wp-json\/wp\/v2\/pages\/861\/revisions\/992"}],"wp:featuredmedia":[{"embeddable":true,"href":"https:\/\/www.iaenice.com\/m1com13\/wp-json\/wp\/v2\/media\/862"}],"wp:attachment":[{"href":"https:\/\/www.iaenice.com\/m1com13\/wp-json\/wp\/v2\/media?parent=861"}],"curies":[{"name":"wp","href":"https:\/\/api.w.org\/{rel}","templated":true}]}}