{"id":370,"date":"2025-10-01T07:52:38","date_gmt":"2025-10-01T07:52:38","guid":{"rendered":"https:\/\/www.iaenice.com\/m1com13\/?page_id=370"},"modified":"2025-10-08T14:51:16","modified_gmt":"2025-10-08T14:51:16","slug":"articles","status":"publish","type":"page","link":"https:\/\/www.iaenice.com\/m1com13\/articles\/","title":{"rendered":"Articles"},"content":{"rendered":"\t\t<div data-elementor-type=\"wp-page\" data-elementor-id=\"370\" class=\"elementor elementor-370\">\n\t\t\t\t<div class=\"elementor-element elementor-element-ad5f888 e-flex e-con-boxed e-con e-parent\" data-id=\"ad5f888\" data-element_type=\"container\" data-e-type=\"container\">\n\t\t\t\t\t<div class=\"e-con-inner\">\n\t\t\t\t<div class=\"elementor-element elementor-element-829a64c elementor-widget elementor-widget-spacer\" data-id=\"829a64c\" data-element_type=\"widget\" data-e-type=\"widget\" data-widget_type=\"spacer.default\">\n\t\t\t\t\t\t\t<div class=\"elementor-spacer\">\n\t\t\t<div class=\"elementor-spacer-inner\"><\/div>\n\t\t<\/div>\n\t\t\t\t\t\t<\/div>\n\t\t\t\t\t<\/div>\n\t\t\t\t<\/div>\n\t\t<div class=\"elementor-element elementor-element-e662eca e-grid e-con-boxed e-con e-parent\" data-id=\"e662eca\" data-element_type=\"container\" data-e-type=\"container\">\n\t\t\t\t\t<div class=\"e-con-inner\">\n\t\t\t\t<div class=\"elementor-element elementor-element-84a8199 elementor-widget elementor-widget-image\" data-id=\"84a8199\" data-element_type=\"widget\" data-e-type=\"widget\" data-widget_type=\"image.default\">\n\t\t\t\t\t\t\t\t\t\t\t\t\t\t\t\t<a href=\"https:\/\/www.iaenice.com\/m1com13\/2025\/09\/19\/prague\/\">\n\t\t\t\t\t\t\t<img fetchpriority=\"high\" decoding=\"async\" width=\"950\" height=\"530\" src=\"https:\/\/www.iaenice.com\/m1com13\/wp-content\/uploads\/2025\/10\/cathedrale-saint-guy.jpg-e1759911134195-1024x571.avif\" class=\"attachment-large size-large wp-image-433\" alt=\"\" srcset=\"https:\/\/www.iaenice.com\/m1com13\/wp-content\/uploads\/2025\/10\/cathedrale-saint-guy.jpg-e1759911134195-1024x571.avif 1024w, https:\/\/www.iaenice.com\/m1com13\/wp-content\/uploads\/2025\/10\/cathedrale-saint-guy.jpg-e1759911134195-300x167.avif 300w, https:\/\/www.iaenice.com\/m1com13\/wp-content\/uploads\/2025\/10\/cathedrale-saint-guy.jpg-e1759911134195-1536x856.avif 1536w, https:\/\/www.iaenice.com\/m1com13\/wp-content\/uploads\/2025\/10\/cathedrale-saint-guy.jpg-e1759911134195-600x334.avif 600w, https:\/\/www.iaenice.com\/m1com13\/wp-content\/uploads\/2025\/10\/cathedrale-saint-guy.jpg-e1759911134195-1200x669.avif 1200w, https:\/\/www.iaenice.com\/m1com13\/wp-content\/uploads\/2025\/10\/cathedrale-saint-guy.jpg-e1759911134195-768x428.avif 768w, https:\/\/www.iaenice.com\/m1com13\/wp-content\/uploads\/2025\/10\/cathedrale-saint-guy.jpg-e1759911134195.avif 1920w\" sizes=\"100vw\" \/>\t\t\t\t\t\t\t\t<\/a>\n\t\t\t\t\t\t\t\t\t\t\t\t\t\t\t<\/div>\n\t\t\t\t<div class=\"elementor-element elementor-element-4fb2a19 elementor-widget elementor-widget-image\" data-id=\"4fb2a19\" data-element_type=\"widget\" data-e-type=\"widget\" data-widget_type=\"image.default\">\n\t\t\t\t\t\t\t\t\t\t\t\t\t\t\t\t<a href=\"https:\/\/www.iaenice.com\/m1com13\/2025\/10\/01\/le-cap-vert-larchipel-aux-mille-couleurs-de-latlantique\/\">\n\t\t\t\t\t\t\t<img decoding=\"async\" width=\"950\" height=\"530\" src=\"https:\/\/www.iaenice.com\/m1com13\/wp-content\/uploads\/2025\/10\/ile-de-santiago.jpg-e1759911100236-1024x571.webp\" class=\"attachment-large size-large wp-image-431\" alt=\"\" srcset=\"https:\/\/www.iaenice.com\/m1com13\/wp-content\/uploads\/2025\/10\/ile-de-santiago.jpg-e1759911100236-1024x571.webp 1024w, https:\/\/www.iaenice.com\/m1com13\/wp-content\/uploads\/2025\/10\/ile-de-santiago.jpg-e1759911100236-300x167.webp 300w, https:\/\/www.iaenice.com\/m1com13\/wp-content\/uploads\/2025\/10\/ile-de-santiago.jpg-e1759911100236-1536x856.webp 1536w, https:\/\/www.iaenice.com\/m1com13\/wp-content\/uploads\/2025\/10\/ile-de-santiago.jpg-e1759911100236-600x334.webp 600w, https:\/\/www.iaenice.com\/m1com13\/wp-content\/uploads\/2025\/10\/ile-de-santiago.jpg-e1759911100236-1200x669.webp 1200w, https:\/\/www.iaenice.com\/m1com13\/wp-content\/uploads\/2025\/10\/ile-de-santiago.jpg-e1759911100236-768x428.webp 768w, https:\/\/www.iaenice.com\/m1com13\/wp-content\/uploads\/2025\/10\/ile-de-santiago.jpg-e1759911100236.webp 1920w\" sizes=\"100vw\" \/>\t\t\t\t\t\t\t\t<\/a>\n\t\t\t\t\t\t\t\t\t\t\t\t\t\t\t<\/div>\n\t\t\t\t<div class=\"elementor-element elementor-element-578b114 elementor-widget elementor-widget-image\" data-id=\"578b114\" data-element_type=\"widget\" data-e-type=\"widget\" data-widget_type=\"image.default\">\n\t\t\t\t\t\t\t\t\t\t\t\t\t\t\t\t<a href=\"https:\/\/www.iaenice.com\/m1com13\/2025\/10\/01\/les-maldives-un-paradis-au-coeur-de-locean-indien\/\">\n\t\t\t\t\t\t\t<img decoding=\"async\" width=\"900\" height=\"500\" src=\"https:\/\/www.iaenice.com\/m1com13\/wp-content\/uploads\/2025\/10\/caption.jpg\" class=\"attachment-large size-large wp-image-453\" alt=\"\" srcset=\"https:\/\/www.iaenice.com\/m1com13\/wp-content\/uploads\/2025\/10\/caption.jpg 900w, https:\/\/www.iaenice.com\/m1com13\/wp-content\/uploads\/2025\/10\/caption-300x167.jpg 300w, https:\/\/www.iaenice.com\/m1com13\/wp-content\/uploads\/2025\/10\/caption-600x333.jpg 600w\" sizes=\"100vw\" \/>\t\t\t\t\t\t\t\t<\/a>\n\t\t\t\t\t\t\t\t\t\t\t\t\t\t\t<\/div>\n\t\t\t\t\t<\/div>\n\t\t\t\t<\/div>\n\t\t<div class=\"elementor-element elementor-element-70e6d81 e-grid e-con-boxed e-con e-parent\" data-id=\"70e6d81\" data-element_type=\"container\" data-e-type=\"container\">\n\t\t\t\t\t<div class=\"e-con-inner\">\n\t\t\t\t<div class=\"elementor-element elementor-element-36b3359 elementor-widget elementor-widget-text-editor\" data-id=\"36b3359\" data-element_type=\"widget\" data-e-type=\"widget\" data-widget_type=\"text-editor.default\">\n\t\t\t\t\t\t\t\t\t<h3 data-start=\"140\" data-end=\"177\"><a href=\"https:\/\/www.iaenice.com\/m1com13\/2025\/09\/19\/prague\/\">Prague, la cit\u00e9 aux cent clochers<\/a><\/h3><p data-start=\"179\" data-end=\"486\">Situ\u00e9e au c\u0153ur de l\u2019Europe centrale, Prague est une ville qui charme instantan\u00e9ment par son atmosph\u00e8re unique, entre h\u00e9ritage m\u00e9di\u00e9val et effervescence moderne. Surnomm\u00e9e la <strong data-start=\"353\" data-end=\"379\">cit\u00e9 aux cent clochers<\/strong>, la capitale tch\u00e8que attire chaque ann\u00e9e des voyageurs en qu\u00eate d\u2019histoire, de culture et de romantisme.<\/p>\t\t\t\t\t\t\t\t<\/div>\n\t\t\t\t<div class=\"elementor-element elementor-element-91e0226 elementor-widget elementor-widget-text-editor\" data-id=\"91e0226\" data-element_type=\"widget\" data-e-type=\"widget\" data-widget_type=\"text-editor.default\">\n\t\t\t\t\t\t\t\t\t<h3 data-start=\"166\" data-end=\"229\"><a href=\"https:\/\/www.iaenice.com\/m1com13\/2025\/10\/01\/le-cap-vert-larchipel-aux-mille-couleurs-de-latlantique\/\">Le Cap-Vert : l\u2019archipel aux mille couleurs de l\u2019Atlantique<\/a><\/h3><p data-start=\"231\" data-end=\"687\">\u00c0 seulement six heures de vol de l\u2019Europe, au large des c\u00f4tes du S\u00e9n\u00e9gal, le <strong data-start=\"308\" data-end=\"320\">Cap-Vert<\/strong> s\u00e9duit les voyageurs en qu\u00eate d\u2019authenticit\u00e9, de diversit\u00e9 et de soleil toute l\u2019ann\u00e9e. Cet archipel volcanique, compos\u00e9 de dix \u00eeles principales et de quelques \u00eelots, est une invitation \u00e0 l\u2019\u00e9vasion. Entre plages immacul\u00e9es, reliefs montagneux spectaculaires et villages color\u00e9s, le Cap-Vert est une destination qui conjugue aventure, d\u00e9tente et rencontres humaines.<\/p>\t\t\t\t\t\t\t\t<\/div>\n\t\t\t\t<div class=\"elementor-element elementor-element-42c91b9 elementor-widget elementor-widget-text-editor\" data-id=\"42c91b9\" data-element_type=\"widget\" data-e-type=\"widget\" data-widget_type=\"text-editor.default\">\n\t\t\t\t\t\t\t\t\t<h3 data-start=\"109\" data-end=\"164\"><a href=\"https:\/\/www.iaenice.com\/m1com13\/2025\/10\/01\/les-maldives-un-paradis-au-coeur-de-locean-indien\/\">Les Maldives : un paradis au c\u0153ur de l\u2019oc\u00e9an Indien<\/a><\/h3>\n<p data-start=\"166\" data-end=\"455\">\u00c0 fleur d\u2019eau turquoise, parsem\u00e9es de plages de sable blanc bord\u00e9es de cocotiers, les <strong data-start=\"252\" data-end=\"264\">Maldives<\/strong> incarnent l\u2019id\u00e9e m\u00eame du paradis sur terre. Cet archipel, compos\u00e9 de pr\u00e8s de 1 200 \u00eeles et atolls, est une destination unique, \u00e0 la fois synonyme de luxe, d\u2019\u00e9vasion et de nature pr\u00e9serv\u00e9e.<\/p>\t\t\t\t\t\t\t\t<\/div>\n\t\t\t\t\t<\/div>\n\t\t\t\t<\/div>\n\t\t<div class=\"elementor-element elementor-element-5ca0b6b e-grid e-con-boxed e-con e-parent\" data-id=\"5ca0b6b\" data-element_type=\"container\" data-e-type=\"container\">\n\t\t\t\t\t<div class=\"e-con-inner\">\n\t\t\t\t<div class=\"elementor-element elementor-element-a269017 elementor-widget elementor-widget-image\" data-id=\"a269017\" data-element_type=\"widget\" data-e-type=\"widget\" data-widget_type=\"image.default\">\n\t\t\t\t\t\t\t\t\t\t\t\t\t\t\t\t<a href=\"https:\/\/www.iaenice.com\/m1com13\/2025\/10\/01\/ou-voyager-en-2026-destinations-a-ne-pas-manquer\/\">\n\t\t\t\t\t\t\t<img loading=\"lazy\" decoding=\"async\" width=\"950\" height=\"594\" src=\"https:\/\/www.iaenice.com\/m1com13\/wp-content\/uploads\/2025\/10\/a69abae98a_50218948_futura-partir-japon-1024x640.jpg\" class=\"attachment-large size-large wp-image-471\" alt=\"\" srcset=\"https:\/\/www.iaenice.com\/m1com13\/wp-content\/uploads\/2025\/10\/a69abae98a_50218948_futura-partir-japon-1024x640.jpg 1024w, https:\/\/www.iaenice.com\/m1com13\/wp-content\/uploads\/2025\/10\/a69abae98a_50218948_futura-partir-japon-300x188.jpg 300w, https:\/\/www.iaenice.com\/m1com13\/wp-content\/uploads\/2025\/10\/a69abae98a_50218948_futura-partir-japon-1536x960.jpg 1536w, https:\/\/www.iaenice.com\/m1com13\/wp-content\/uploads\/2025\/10\/a69abae98a_50218948_futura-partir-japon-600x375.jpg 600w, https:\/\/www.iaenice.com\/m1com13\/wp-content\/uploads\/2025\/10\/a69abae98a_50218948_futura-partir-japon-1200x750.jpg 1200w, https:\/\/www.iaenice.com\/m1com13\/wp-content\/uploads\/2025\/10\/a69abae98a_50218948_futura-partir-japon.jpg 1800w\" sizes=\"100vw\" \/>\t\t\t\t\t\t\t\t<\/a>\n\t\t\t\t\t\t\t\t\t\t\t\t\t\t\t<\/div>\n\t\t\t\t<div class=\"elementor-element elementor-element-28b62f9 elementor-widget elementor-widget-image\" data-id=\"28b62f9\" data-element_type=\"widget\" data-e-type=\"widget\" data-widget_type=\"image.default\">\n\t\t\t\t\t\t\t\t\t\t\t\t\t\t\t\t<a href=\"https:\/\/www.iaenice.com\/m1com13\/2025\/10\/08\/voyager\/\">\n\t\t\t\t\t\t\t<img loading=\"lazy\" decoding=\"async\" width=\"736\" height=\"460\" src=\"https:\/\/www.iaenice.com\/m1com13\/wp-content\/uploads\/2025\/10\/33.jpg\" class=\"attachment-large size-large wp-image-581\" alt=\"\" srcset=\"https:\/\/www.iaenice.com\/m1com13\/wp-content\/uploads\/2025\/10\/33.jpg 736w, https:\/\/www.iaenice.com\/m1com13\/wp-content\/uploads\/2025\/10\/33-300x188.jpg 300w, https:\/\/www.iaenice.com\/m1com13\/wp-content\/uploads\/2025\/10\/33-600x375.jpg 600w\" sizes=\"100vw\" \/>\t\t\t\t\t\t\t\t<\/a>\n\t\t\t\t\t\t\t\t\t\t\t\t\t\t\t<\/div>\n\t\t\t\t<div class=\"elementor-element elementor-element-0d1d44a elementor-widget elementor-widget-image\" data-id=\"0d1d44a\" data-element_type=\"widget\" data-e-type=\"widget\" data-widget_type=\"image.default\">\n\t\t\t\t\t\t\t\t\t\t\t\t\t\t\t\t<a href=\"https:\/\/www.iaenice.com\/m1com13\/2025\/10\/08\/tourisme\/\">\n\t\t\t\t\t\t\t<img loading=\"lazy\" decoding=\"async\" width=\"626\" height=\"394\" src=\"https:\/\/www.iaenice.com\/m1com13\/wp-content\/uploads\/2025\/10\/Parcourez-le-concept-de-monuments-du-monde-Photo-Premium-e1759911738407.jpg\" class=\"attachment-large size-large wp-image-588\" alt=\"\" srcset=\"https:\/\/www.iaenice.com\/m1com13\/wp-content\/uploads\/2025\/10\/Parcourez-le-concept-de-monuments-du-monde-Photo-Premium-e1759911738407.jpg 626w, https:\/\/www.iaenice.com\/m1com13\/wp-content\/uploads\/2025\/10\/Parcourez-le-concept-de-monuments-du-monde-Photo-Premium-e1759911738407-300x189.jpg 300w, https:\/\/www.iaenice.com\/m1com13\/wp-content\/uploads\/2025\/10\/Parcourez-le-concept-de-monuments-du-monde-Photo-Premium-e1759911738407-600x378.jpg 600w\" sizes=\"100vw\" \/>\t\t\t\t\t\t\t\t<\/a>\n\t\t\t\t\t\t\t\t\t\t\t\t\t\t\t<\/div>\n\t\t\t\t\t<\/div>\n\t\t\t\t<\/div>\n\t\t<div class=\"elementor-element elementor-element-be9b62a e-grid e-con-boxed e-con e-parent\" data-id=\"be9b62a\" data-element_type=\"container\" data-e-type=\"container\">\n\t\t\t\t\t<div class=\"e-con-inner\">\n\t\t\t\t<div class=\"elementor-element elementor-element-e4aaf1a elementor-widget elementor-widget-text-editor\" data-id=\"e4aaf1a\" data-element_type=\"widget\" data-e-type=\"widget\" data-widget_type=\"text-editor.default\">\n\t\t\t\t\t\t\t\t\t<h3 data-start=\"262\" data-end=\"314\"><a href=\"https:\/\/www.iaenice.com\/m1com13\/2025\/10\/01\/ou-voyager-en-2026-destinations-a-ne-pas-manquer\/\">O\u00f9 voyager en 2026 : destinations \u00e0 ne pas manquer<\/a><\/h3><p data-start=\"316\" data-end=\"680\">L\u2019ann\u00e9e 2026 s\u2019annonce riche en d\u00e9couvertes. Alors que le tourisme continue de se red\u00e9finir avec une conscience accrue pour la durabilit\u00e9, l\u2019authenticit\u00e9 et les lieux moins fr\u00e9quent\u00e9s certaines destinations sortent clairement du lot. Voici une s\u00e9lection de lieux prometteurs, avec leurs atouts, le meilleur moment pour les visiter, et quelques conseils utiles.<\/p>\t\t\t\t\t\t\t\t<\/div>\n\t\t\t\t<div class=\"elementor-element elementor-element-afe8ccc elementor-widget elementor-widget-text-editor\" data-id=\"afe8ccc\" data-element_type=\"widget\" data-e-type=\"widget\" data-widget_type=\"text-editor.default\">\n\t\t\t\t\t\t\t\t\t<h3 data-start=\"140\" data-end=\"185\"><a href=\"https:\/\/www.iaenice.com\/m1com13\/2025\/10\/08\/voyager\/\">Voyager \u00e0 l\u2019heure du tourisme responsable<\/a><\/h3><p data-start=\"187\" data-end=\"478\">Aujourd\u2019hui, le voyage ne se r\u00e9sume plus \u00e0 cocher des destinations sur une carte : il s\u2019inscrit dans une r\u00e9flexion plus large sur notre mani\u00e8re de d\u00e9couvrir le monde. Face aux enjeux climatiques, culturels et sociaux, le <strong data-start=\"408\" data-end=\"432\">tourisme responsable<\/strong>s\u2019impose comme une tendance incontournable.<\/p>\t\t\t\t\t\t\t\t<\/div>\n\t\t\t\t<div class=\"elementor-element elementor-element-21b18a0 elementor-widget elementor-widget-text-editor\" data-id=\"21b18a0\" data-element_type=\"widget\" data-e-type=\"widget\" data-widget_type=\"text-editor.default\">\n\t\t\t\t\t\t\t\t\t<h3 data-start=\"244\" data-end=\"324\"><a href=\"https:\/\/www.iaenice.com\/m1com13\/2025\/10\/08\/tourisme\/\">Tourisme de masse : quand l\u2019\u00e9go\u00efsme pollue, Green Way propose une autre voie<\/a><\/h3><p data-start=\"326\" data-end=\"738\">Chaque \u00e9t\u00e9, des millions de touristes envahissent les plages, les montagnes et les villes embl\u00e9matiques. Mais derri\u00e8re ces cartes postales, la r\u00e9alit\u00e9 est pr\u00e9occupante : <strong data-start=\"496\" data-end=\"518\">d\u00e9chets abandonn\u00e9s<\/strong>, <strong data-start=\"520\" data-end=\"547\">sites naturels d\u00e9grad\u00e9s<\/strong>, <strong data-start=\"549\" data-end=\"580\">empreinte carbone colossale<\/strong>. Le voyage, lorsqu\u2019il est guid\u00e9 par l\u2019\u00e9go\u00efsme et la surconsommation, devient une source de pollution qui menace les \u00e9cosyst\u00e8mes et les communaut\u00e9s locales.<\/p>\t\t\t\t\t\t\t\t<\/div>\n\t\t\t\t\t<\/div>\n\t\t\t\t<\/div>\n\t\t<div class=\"elementor-element elementor-element-792da63 e-flex e-con-boxed e-con e-parent\" data-id=\"792da63\" data-element_type=\"container\" data-e-type=\"container\">\n\t\t\t\t\t<div class=\"e-con-inner\">\n\t\t\t\t<div class=\"elementor-element elementor-element-05a17e8 elementor-widget elementor-widget-spacer\" data-id=\"05a17e8\" data-element_type=\"widget\" data-e-type=\"widget\" data-widget_type=\"spacer.default\">\n\t\t\t\t\t\t\t<div class=\"elementor-spacer\">\n\t\t\t<div class=\"elementor-spacer-inner\"><\/div>\n\t\t<\/div>\n\t\t\t\t\t\t<\/div>\n\t\t\t\t\t<\/div>\n\t\t\t\t<\/div>\n\t\t\t\t<\/div>\n\t\t","protected":false},"excerpt":{"rendered":"<p>Prague, la cit\u00e9 aux cent clochers Situ\u00e9e au c\u0153ur de l\u2019Europe centrale, Prague est une ville qui charme instantan\u00e9ment par son atmosph\u00e8re unique, entre h\u00e9ritage m\u00e9di\u00e9val et effervescence moderne. Surnomm\u00e9e la cit\u00e9 aux cent clochers, la capitale tch\u00e8que attire chaque ann\u00e9e des voyageurs en qu\u00eate d\u2019histoire, de culture et de romantisme. Le Cap-Vert : l\u2019archipel &hellip; <\/p>\n<p class=\"link-more\"><a href=\"https:\/\/www.iaenice.com\/m1com13\/articles\/\" class=\"more-link\">Lire la suite de<span class=\"screen-reader-text\">\u00ab\u00a0Articles\u00a0\u00bb<\/span><\/a><\/p>\n","protected":false},"author":1,"featured_media":404,"parent":0,"menu_order":0,"comment_status":"closed","ping_status":"closed","template":"","meta":{"footnotes":""},"class_list":["post-370","page","type-page","status-publish","has-post-thumbnail","hentry"],"_links":{"self":[{"href":"https:\/\/www.iaenice.com\/m1com13\/wp-json\/wp\/v2\/pages\/370","targetHints":{"allow":["GET"]}}],"collection":[{"href":"https:\/\/www.iaenice.com\/m1com13\/wp-json\/wp\/v2\/pages"}],"about":[{"href":"https:\/\/www.iaenice.com\/m1com13\/wp-json\/wp\/v2\/types\/page"}],"author":[{"embeddable":true,"href":"https:\/\/www.iaenice.com\/m1com13\/wp-json\/wp\/v2\/users\/1"}],"replies":[{"embeddable":true,"href":"https:\/\/www.iaenice.com\/m1com13\/wp-json\/wp\/v2\/comments?post=370"}],"version-history":[{"count":58,"href":"https:\/\/www.iaenice.com\/m1com13\/wp-json\/wp\/v2\/pages\/370\/revisions"}],"predecessor-version":[{"id":797,"href":"https:\/\/www.iaenice.com\/m1com13\/wp-json\/wp\/v2\/pages\/370\/revisions\/797"}],"wp:featuredmedia":[{"embeddable":true,"href":"https:\/\/www.iaenice.com\/m1com13\/wp-json\/wp\/v2\/media\/404"}],"wp:attachment":[{"href":"https:\/\/www.iaenice.com\/m1com13\/wp-json\/wp\/v2\/media?parent=370"}],"curies":[{"name":"wp","href":"https:\/\/api.w.org\/{rel}","templated":true}]}}