{"id":32,"date":"2025-09-19T09:54:26","date_gmt":"2025-09-19T09:54:26","guid":{"rendered":"https:\/\/www.iaenice.com\/m1com13\/?page_id=32"},"modified":"2025-10-13T10:11:22","modified_gmt":"2025-10-13T10:11:22","slug":"voyage-en-solo","status":"publish","type":"page","link":"https:\/\/www.iaenice.com\/m1com13\/voyage-en-solo\/","title":{"rendered":"Voyage en solo"},"content":{"rendered":"\t\t<div data-elementor-type=\"wp-page\" data-elementor-id=\"32\" class=\"elementor elementor-32\">\n\t\t\t\t<div class=\"elementor-element elementor-element-048ff40 e-flex e-con-boxed e-con e-parent\" data-id=\"048ff40\" data-element_type=\"container\" data-e-type=\"container\">\n\t\t\t\t\t<div class=\"e-con-inner\">\n\t\t\t\t<div class=\"elementor-element elementor-element-26f1420 elementor-widget elementor-widget-text-editor\" data-id=\"26f1420\" data-element_type=\"widget\" data-e-type=\"widget\" data-widget_type=\"text-editor.default\">\n\t\t\t\t\t\t\t\t\t<p>Partir seul, c\u2019est bien plus qu\u2019un voyage : c\u2019est une parenth\u00e8se pr\u00e9cieuse pour se retrouver, se recentrer et s\u2019ouvrir \u00e0 de nouvelles exp\u00e9riences. Chez Green Way, nous faisons de votre aventure en solo une occasion unique de vous offrir du temps pour vous, dans un cadre pens\u00e9 avec soin et authenticit\u00e9.<\/p>\t\t\t\t\t\t\t\t<\/div>\n\t\t\t\t<div class=\"elementor-element elementor-element-5a6d4e4 elementor-widget elementor-widget-spacer\" data-id=\"5a6d4e4\" data-element_type=\"widget\" data-e-type=\"widget\" data-widget_type=\"spacer.default\">\n\t\t\t\t\t\t\t<div class=\"elementor-spacer\">\n\t\t\t<div class=\"elementor-spacer-inner\"><\/div>\n\t\t<\/div>\n\t\t\t\t\t\t<\/div>\n\t\t\t\t\t<\/div>\n\t\t\t\t<\/div>\n\t\t<div class=\"elementor-element elementor-element-edb4eaf e-grid e-con-boxed e-con e-parent\" data-id=\"edb4eaf\" data-element_type=\"container\" data-e-type=\"container\">\n\t\t\t\t\t<div class=\"e-con-inner\">\n\t\t\t\t<div class=\"elementor-element elementor-element-59e682a elementor-invisible elementor-widget elementor-widget-image\" data-id=\"59e682a\" data-element_type=\"widget\" data-e-type=\"widget\" data-settings=\"{&quot;_animation&quot;:&quot;slideInDown&quot;}\" data-widget_type=\"image.default\">\n\t\t\t\t\t\t\t\t\t\t\t\t\t\t\t<img fetchpriority=\"high\" decoding=\"async\" width=\"735\" height=\"708\" src=\"https:\/\/www.iaenice.com\/m1com13\/wp-content\/uploads\/2025\/09\/17-e1759158330599.jpg\" class=\"attachment-large size-large wp-image-246\" alt=\"\" srcset=\"https:\/\/www.iaenice.com\/m1com13\/wp-content\/uploads\/2025\/09\/17-e1759158330599.jpg 735w, https:\/\/www.iaenice.com\/m1com13\/wp-content\/uploads\/2025\/09\/17-e1759158330599-300x289.jpg 300w, https:\/\/www.iaenice.com\/m1com13\/wp-content\/uploads\/2025\/09\/17-e1759158330599-600x578.jpg 600w\" sizes=\"100vw\" \/>\t\t\t\t\t\t\t\t\t\t\t\t\t\t\t<\/div>\n\t\t\t\t<div class=\"elementor-element elementor-element-c74646c elementor-invisible elementor-widget elementor-widget-image\" data-id=\"c74646c\" data-element_type=\"widget\" data-e-type=\"widget\" data-settings=\"{&quot;_animation&quot;:&quot;slideInUp&quot;}\" data-widget_type=\"image.default\">\n\t\t\t\t\t\t\t\t\t\t\t\t\t\t\t<img decoding=\"async\" width=\"736\" height=\"709\" src=\"https:\/\/www.iaenice.com\/m1com13\/wp-content\/uploads\/2025\/09\/20-e1759158382183.jpg\" class=\"attachment-large size-large wp-image-249\" alt=\"\" srcset=\"https:\/\/www.iaenice.com\/m1com13\/wp-content\/uploads\/2025\/09\/20-e1759158382183.jpg 736w, https:\/\/www.iaenice.com\/m1com13\/wp-content\/uploads\/2025\/09\/20-e1759158382183-300x289.jpg 300w, https:\/\/www.iaenice.com\/m1com13\/wp-content\/uploads\/2025\/09\/20-e1759158382183-600x578.jpg 600w\" sizes=\"100vw\" \/>\t\t\t\t\t\t\t\t\t\t\t\t\t\t\t<\/div>\n\t\t\t\t<div class=\"elementor-element elementor-element-407f961 elementor-invisible elementor-widget elementor-widget-image\" data-id=\"407f961\" data-element_type=\"widget\" data-e-type=\"widget\" data-settings=\"{&quot;_animation&quot;:&quot;slideInDown&quot;}\" data-widget_type=\"image.default\">\n\t\t\t\t\t\t\t\t\t\t\t\t\t\t\t<img decoding=\"async\" width=\"736\" height=\"709\" src=\"https:\/\/www.iaenice.com\/m1com13\/wp-content\/uploads\/2025\/09\/21-e1759158410850.jpg\" class=\"attachment-large size-large wp-image-250\" alt=\"\" srcset=\"https:\/\/www.iaenice.com\/m1com13\/wp-content\/uploads\/2025\/09\/21-e1759158410850.jpg 736w, https:\/\/www.iaenice.com\/m1com13\/wp-content\/uploads\/2025\/09\/21-e1759158410850-300x289.jpg 300w, https:\/\/www.iaenice.com\/m1com13\/wp-content\/uploads\/2025\/09\/21-e1759158410850-600x578.jpg 600w\" sizes=\"100vw\" \/>\t\t\t\t\t\t\t\t\t\t\t\t\t\t\t<\/div>\n\t\t\t\t\t<\/div>\n\t\t\t\t<\/div>\n\t\t<div class=\"elementor-element elementor-element-a1c939c e-flex e-con-boxed e-con e-parent\" data-id=\"a1c939c\" data-element_type=\"container\" data-e-type=\"container\">\n\t\t\t\t\t<div class=\"e-con-inner\">\n\t\t\t\t<div class=\"elementor-element elementor-element-cae930c elementor-widget elementor-widget-spacer\" data-id=\"cae930c\" data-element_type=\"widget\" data-e-type=\"widget\" data-widget_type=\"spacer.default\">\n\t\t\t\t\t\t\t<div class=\"elementor-spacer\">\n\t\t\t<div class=\"elementor-spacer-inner\"><\/div>\n\t\t<\/div>\n\t\t\t\t\t\t<\/div>\n\t\t\t\t<div class=\"elementor-element elementor-element-326142c elementor-widget elementor-widget-text-editor\" data-id=\"326142c\" data-element_type=\"widget\" data-e-type=\"widget\" data-widget_type=\"text-editor.default\">\n\t\t\t\t\t\t\t\t\t<h3 data-start=\"516\" data-end=\"546\">Un moment rien qu\u2019\u00e0 vous<\/h3><p data-start=\"547\" data-end=\"818\">Voyager seul, c\u2019est choisir la libert\u00e9. Vous d\u00e9cidez du rythme, du confort et des exp\u00e9riences qui vous font vibrer. C\u2019est le moment de vous reconnecter \u00e0 vos envies profondes, de d\u00e9couvrir de nouveaux horizons sans contraintes, et de savourer chaque instant pleinement.<\/p><h3 data-start=\"820\" data-end=\"863\">Un programme sur-mesure et de qualit\u00e9<\/h3><p data-start=\"864\" data-end=\"1216\">Chez Green Way, nous cr\u00e9ons pour vous un itin\u00e9raire pens\u00e9 dans les moindres d\u00e9tails. Que vous r\u00eaviez de contempler la nature en toute s\u00e9r\u00e9nit\u00e9, de relever des d\u00e9fis sportifs, de plonger dans la richesse culturelle d\u2019une r\u00e9gion ou simplement de prendre du temps pour vous d\u00e9tendre, nous vous construisons <strong data-start=\"1168\" data-end=\"1213\">un programme \u00e0 la hauteur de vos attentes<\/strong>.<\/p><h3 data-start=\"1218\" data-end=\"1252\">Des exp\u00e9riences authentiques<\/h3><p data-start=\"1253\" data-end=\"1578\">Seul ne veut pas dire isol\u00e9 : nous vous proposons des exp\u00e9riences humaines et locales qui permettent de belles rencontres, tout en respectant votre espace personnel. Ateliers artisanaux, balades guid\u00e9es, moments de partage avec les habitants\u2026 chaque activit\u00e9 est choisie pour enrichir votre voyage et le rendre inoubliable.<\/p>\t\t\t\t\t\t\t\t<\/div>\n\t\t\t\t\t<\/div>\n\t\t\t\t<\/div>\n\t\t<div class=\"elementor-element elementor-element-1bebd7c e-flex e-con-boxed e-con e-parent\" data-id=\"1bebd7c\" data-element_type=\"container\" data-e-type=\"container\">\n\t\t\t\t\t<div class=\"e-con-inner\">\n\t\t<div class=\"elementor-element elementor-element-6ec5abf e-con-full e-flex e-con e-child\" data-id=\"6ec5abf\" data-element_type=\"container\" data-e-type=\"container\">\n\t\t\t\t<div class=\"elementor-element elementor-element-9e9f07a elementor-widget elementor-widget-text-editor\" data-id=\"9e9f07a\" data-element_type=\"widget\" data-e-type=\"widget\" data-widget_type=\"text-editor.default\">\n\t\t\t\t\t\t\t\t\t<h3 data-start=\"1580\" data-end=\"1621\">Voyager autrement, voyager pour soi<\/h3><p data-start=\"1622\" data-end=\"1843\">Parce que voyager en solo est aussi une d\u00e9marche intime et responsable, nous s\u00e9lectionnons des partenaires engag\u00e9s, des h\u00e9bergements \u00e9coresponsables et des exp\u00e9riences qui allient qualit\u00e9, sens et respect de la plan\u00e8te.<\/p><p data-start=\"1845\" data-end=\"2025\">Avec Green Way, votre voyage en solo devient une exp\u00e9rience profonde, un v\u00e9ritable cadeau que vous vous offrez : <strong data-start=\"1958\" data-end=\"2017\">le luxe de prendre du temps pour vous, en toute libert\u00e9<\/strong>.<\/p>\t\t\t\t\t\t\t\t<\/div>\n\t\t\t\t<div class=\"elementor-element elementor-element-3d745e8 elementor-widget elementor-widget-image\" data-id=\"3d745e8\" data-element_type=\"widget\" data-e-type=\"widget\" data-widget_type=\"image.default\">\n\t\t\t\t\t\t\t\t\t\t\t\t\t\t\t<img loading=\"lazy\" decoding=\"async\" width=\"735\" height=\"490\" src=\"https:\/\/www.iaenice.com\/m1com13\/wp-content\/uploads\/2025\/09\/22.jpg\" class=\"attachment-large size-large wp-image-266\" alt=\"\" srcset=\"https:\/\/www.iaenice.com\/m1com13\/wp-content\/uploads\/2025\/09\/22.jpg 735w, https:\/\/www.iaenice.com\/m1com13\/wp-content\/uploads\/2025\/09\/22-300x200.jpg 300w, https:\/\/www.iaenice.com\/m1com13\/wp-content\/uploads\/2025\/09\/22-600x400.jpg 600w\" sizes=\"100vw\" \/>\t\t\t\t\t\t\t\t\t\t\t\t\t\t\t<\/div>\n\t\t\t\t<div class=\"elementor-element elementor-element-80dae48 elementor-align-center elementor-widget elementor-widget-button\" data-id=\"80dae48\" data-element_type=\"widget\" data-e-type=\"widget\" data-widget_type=\"button.default\">\n\t\t\t\t\t\t\t\t\t\t<a class=\"elementor-button elementor-button-link elementor-size-sm\" href=\"https:\/\/www.iaenice.com\/m1com13\/construire-son-voyage\/\">\n\t\t\t\t\t\t<span class=\"elementor-button-content-wrapper\">\n\t\t\t\t\t\t\t\t\t<span class=\"elementor-button-text\">Cr\u00e9er mon voyage<\/span>\n\t\t\t\t\t<\/span>\n\t\t\t\t\t<\/a>\n\t\t\t\t\t\t\t\t<\/div>\n\t\t\t\t<\/div>\n\t\t<div class=\"elementor-element elementor-element-7529f99 e-con-full e-flex e-con e-child\" data-id=\"7529f99\" data-element_type=\"container\" data-e-type=\"container\">\n\t\t\t\t<\/div>\n\t\t\t\t\t<\/div>\n\t\t\t\t<\/div>\n\t\t<div class=\"elementor-element elementor-element-408b364 e-flex e-con-boxed e-con e-parent\" data-id=\"408b364\" data-element_type=\"container\" data-e-type=\"container\">\n\t\t\t\t\t<div class=\"e-con-inner\">\n\t\t\t\t<div class=\"elementor-element elementor-element-18e816f elementor-widget elementor-widget-spacer\" data-id=\"18e816f\" data-element_type=\"widget\" data-e-type=\"widget\" data-widget_type=\"spacer.default\">\n\t\t\t\t\t\t\t<div class=\"elementor-spacer\">\n\t\t\t<div class=\"elementor-spacer-inner\"><\/div>\n\t\t<\/div>\n\t\t\t\t\t\t<\/div>\n\t\t\t\t\t<\/div>\n\t\t\t\t<\/div>\n\t\t\t\t<\/div>\n\t\t","protected":false},"excerpt":{"rendered":"<p>Partir seul, c\u2019est bien plus qu\u2019un voyage : c\u2019est une parenth\u00e8se pr\u00e9cieuse pour se retrouver, se recentrer et s\u2019ouvrir \u00e0 de nouvelles exp\u00e9riences. Chez Green Way, nous faisons de votre aventure en solo une occasion unique de vous offrir du temps pour vous, dans un cadre pens\u00e9 avec soin et authenticit\u00e9. Un moment rien qu\u2019\u00e0 &hellip; <\/p>\n<p class=\"link-more\"><a href=\"https:\/\/www.iaenice.com\/m1com13\/voyage-en-solo\/\" class=\"more-link\">Lire la suite de<span class=\"screen-reader-text\">\u00ab\u00a0Voyage en solo\u00a0\u00bb<\/span><\/a><\/p>\n","protected":false},"author":1,"featured_media":264,"parent":0,"menu_order":0,"comment_status":"closed","ping_status":"closed","template":"","meta":{"footnotes":""},"class_list":["post-32","page","type-page","status-publish","has-post-thumbnail","hentry"],"_links":{"self":[{"href":"https:\/\/www.iaenice.com\/m1com13\/wp-json\/wp\/v2\/pages\/32","targetHints":{"allow":["GET"]}}],"collection":[{"href":"https:\/\/www.iaenice.com\/m1com13\/wp-json\/wp\/v2\/pages"}],"about":[{"href":"https:\/\/www.iaenice.com\/m1com13\/wp-json\/wp\/v2\/types\/page"}],"author":[{"embeddable":true,"href":"https:\/\/www.iaenice.com\/m1com13\/wp-json\/wp\/v2\/users\/1"}],"replies":[{"embeddable":true,"href":"https:\/\/www.iaenice.com\/m1com13\/wp-json\/wp\/v2\/comments?post=32"}],"version-history":[{"count":28,"href":"https:\/\/www.iaenice.com\/m1com13\/wp-json\/wp\/v2\/pages\/32\/revisions"}],"predecessor-version":[{"id":961,"href":"https:\/\/www.iaenice.com\/m1com13\/wp-json\/wp\/v2\/pages\/32\/revisions\/961"}],"wp:featuredmedia":[{"embeddable":true,"href":"https:\/\/www.iaenice.com\/m1com13\/wp-json\/wp\/v2\/media\/264"}],"wp:attachment":[{"href":"https:\/\/www.iaenice.com\/m1com13\/wp-json\/wp\/v2\/media?parent=32"}],"curies":[{"name":"wp","href":"https:\/\/api.w.org\/{rel}","templated":true}]}}